ulate the remainder when 161152 is divided by 965.
962
What is the remainder when 23722 is divided by 667?
377
Calculate the remainder when 48867 is divided by 16194.
285
What is the remainder when 58818 is divided by 11?
1
What is the remainder when 263235 is divided by 6?
3
What is the remainder when 4290 is divided by 55?
0
What is the remainder when 5814 is divided by 5763?
51
What is the remainder when 43476 is divided by 41?
16
Calculate the remainder when 4125 is divided by 222.
129
What is the remainder when 225 is divided by 135?
90
Calculate the remainder when 309024 is divided by 95.
84
Calculate the remainder when 846241 is divided by 340.
321
What is the remainder when 14656 is divided by 59?
24
Calculate the remainder when 2805 is divided by 2738.
67
What is the remainder when 720199 is divided by 5?
4
What is the remainder when 136319 is divided by 128?
127
What is the remainder when 5534 is divided by 339?
110
Calculate the remainder when 1553074 is divided by 851.
850
Calculate the remainder when 72899 is divided by 25.
24
Calculate the remainder when 148708 is divided by 121.
120
What is the remainder when 50211 is divided by 149?
147
What is the remainder when 11023 is divided by 59?
49
Calculate the remainder when 51972 is divided by 12988.
20
Calculate the remainder when 14438 is divided by 321.
314
Calculate the remainder when 2388 is divided by 1186.
16
Calculate the remainder when 1205710 is divided by 430.
420
Calculate the remainder when 7892 is divided by 1578.
2
What is the remainder when 385132 is divided by 48140?
12
What is the remainder when 1223461 is divided by 44?
41
What is the remainder when 11486 is divided by 8?
6
Calculate the remainder when 811 is divided by 418.
393
Calculate the remainder when 6391 is divided by 6214.
177
Calculate the remainder when 18960 is divided by 20.
0
What is the remainder when 24575 is divided by 461?
142
What is the remainder when 15668 is divided by 5?
3
What is the remainder when 50381 is divided by 2099?
5
Calculate the remainder when 1292 is divided by 46.
4
What is the remainder when 5417 is divided by 416?
9
What is the remainder when 6404022 is divided by 309?
306
What is the remainder when 798 is divided by 101?
91
Calculate the remainder when 1382 is divided by 327.
74
What is the remainder when 40390 is divided by 20183?
24
Calculate the remainder when 11504 is divided by 1129.
214
Calculate the remainder when 4349 is divided by 140.
9
Calculate the remainder when 47988 is divided by 1338.
1158
What is the remainder when 183806 is divided by 49?
7
What is the remainder when 7742 is divided by 2438?
428
Calculate the remainder when 1672 is divided by 41.
32
Calculate the remainder when 1170 is divided by 30.
0
Calculate the remainder when 8992 is divided by 27.
1
Calculate the remainder when 175329 is divided by 211.
199
Calculate the remainder when 654038 is divided by 61.
57
What is the remainder when 8280 is divided by 8275?
5
Calculate the remainder when 8526 is divided by 17.
9
What is the remainder when 11281 is divided by 11130?
151
What is the remainder when 242919 is divided by 242876?
43
Calculate the remainder when 27639 is divided by 219.
45
Calculate the remainder when 706106 is divided by 704.
698
Calculate the remainder when 18319 is divided by 28.
7
Calculate the remainder when 198401 is divided by 177.
161
What is the remainder when 10465 is divided by 391?
299
Calculate the remainder when 12859 is divided by 20.
19
Calculate the remainder when 7836 is divided by 2544.
204
What is the remainder when 7234 is divided by 2300?
334
Calculate the remainder when 832352 is divided by 21.
17
Calculate the remainder when 3374 is divided by 9.
8
What is the remainder when 7130 is divided by 541?
97
Calculate the remainder when 334489 is divided by 111489.
22
Calculate the remainder when 14644 is divided by 505.
504
Calculate the remainder when 385 is divided by 119.
28
Calculate the remainder when 453808 is divided by 502.
0
What is the remainder when 2645 is divided by 116?
93
Calculate the remainder when 14081 is divided by 14.
11
What is the remainder when 231 is divided by 137?
94
Calculate the remainder when 21969 is divided by 180.
9
Calculate the remainder when 7372 is divided by 1178.
304
Calculate the remainder when 282818 is divided by 127.
116
What is the remainder when 218 is divided by 102?
14
What is the remainder when 8320 is divided by 8143?
177
What is the remainder when 24877 is divided by 429?
424
What is the remainder when 2265 is divided by 21?
18
What is the remainder when 83430 is divided by 87?
84
What is the remainder when 9530 is divided by 1614?
1460
Calculate the remainder when 5479 is divided by 1058.
189
What is the remainder when 232452 is divided by 6282?
18
Calculate the remainder when 1130361 is divided by 12.
9
Calculate the remainder when 9021 is divided by 475.
471
Calculate the remainder when 55755 is divided by 18539.
138
Calculate the remainder when 8327 is divided by 2362.
1241
What is the remainder when 2345 is divided by 13?
5
Calculate the remainder when 58821 is divided by 287.
273
Calculate the remainder when 1424 is divided by 453.
65
Calculate the remainder when 4829 is divided by 8.
5
What is the remainder when 465417 is divided by 57?
12
What is the remainder when 41772 is divided by 24?
12
What is the remainder when 620701 is divided by 48?
13
Calculate the remainder when 226127 is divided by 24.
23
Calculate the remainder when 69341 is divided by 2568.
5
What is the remainder when 5143 is divided by 258?
241
What is the remainder when 768451 is divided by 259?
257
Calculate the remainder when 341261 is divided by 40.
21
What is the remainder when 2138 is divided by 391?
183
Calculate the remainder when 202027 is divided by 273.
7
Calculate the remainder when 177989 is divided by 85.
84
Calculate the remainder when 639445 is divided by 225.
220
What is the remainder when 13743 is divided by 214?
47
Calculate the remainder when 114206 is divided by 95.
16
What is the remainder when 468495 is divided by 39040?
15
What is the remainder when 777516 is divided by 7?
5
What is the remainder when 5394 is divided by 44?
26
What is the remainder when 3699 is divided by 69?
42
Calculate the remainder when 759 is divided by 252.
3
Calculate the remainder when 148169 is divided by 478.
467
What is the remainder when 22518 is divided by 3753?
0
Calculate the remainder when 5484 is divided by 157.
146
What is the remainder when 8170 is divided by 2000?
170
Calculate the remainder when 53558 is divided by 29.
24
What is the remainder when 2563 is divided by 9?
7
Calculate the remainder when 38787 is divided by 705.
12
Calculate the remainder when 1793 is divided by 276.
137
What is the remainder when 2960 is divided by 1474?
12
Calculate the remainder when 318776 is divided by 7.
3
Calculate the remainder when 20231 is divided by 368.
359
What is the remainder when 5534 is divided by 114?
62
What is the remainder when 10642 is divided by 33?
16
What is the remainder when 444976 is divided by 240?
16
Calculate the remainder when 1899717 is divided by 67.
66
What is the remainder when 39425 is divided by 172?
37
What is the remainder when 13657 is divided by 6824?
9
What is the remainder when 3298 is divided by 455?
113
What is the remainder when 964 is divided by 44?
40
What is the remainder when 22963 is divided by 192?
115
What is the remainder when 6103 is divided by 55?
53
What is the remainder when 488 is divided by 445?
43
Calculate the remainder when 1676 is divided by 90.
56
What is the remainder when 35251 is divided by 2350?
1
What is the remainder when 47424 is divided by 142?
138
What is the remainder when 2757 is divided by 339?
45
Calculate the remainder when 840283 is divided by 420136.
11
Calculate the remainder when 10657 is divided by 397.
335
Calculate the remainder when 55269 is divided by 114.
93
What is the remainder when 430301 is divided by 18?
11
What is the remainder when 137708 is divided by 553?
11
What is the remainder when 9527 is divided by 1900?
27
What is the remainder when 197495 is divided by 58?
5
What is the remainder when 192396 is divided by 48096?
12
Calculate the remainder when 3